= 21 + -12. Suppose 0*y + 3*y = -5*l + u, 5*y + 4*l = 15. Let g(k) = -4*k - 19. Let c(x) = y*g(x) - 5*m(x). What is c(-5)?
3
Suppose -j = 3*j + 5*u - 33, 8 = -j + 2*u. Let g(x) be the first derivative of -x + 0*x**j + 6 - 2/3*x**3 - 1/4*x**4. Give g(-3).
8
Let b(a) = -a**2 - 3*a + 10. Suppose -3 + 0 = 3*q, -q + 6 = -u. What is b(u)?
-18
Let i(a) = -a**3 - 4*a**2 + 5*a + 7. Let q(j) = j**3 + 18*j**2 - 20*j - 24. Let f be q(-19). Calculate i(f).
7
Let q = 11 - 12. Let m(s) be the third derivative of 3*s**5/40 + s**4/24 - s**3/3 + 2*s**2. Let v(p) be the first derivative of m(p). Calculate v(q).
-8
Suppose 0 = 2*u + 2*q + 18, u + 5*q - 27 = 2*u. Let t(n) = -n**2 + 7*n + 4. Let y be t(6). Let w = y + u. Let v(s) = -s**2. Calculate v(w).
-4
Let p(k) = k**3 + 2*k**2 + 2*k + 1. Let b(f) = -3*f**2 - 11*f - 8. Let m be b(-3). Give p(m).
-3
Let n be ((-4)/(-8)*-3)/((-12)/160). Let j be 40/n + 1*-1. Let a(v) = v + 1. What is a(j)?
2
Let r(d) be the second derivative of -d**3/3 + 3*d**2/2 + d. Suppose -2*j - 4*y - 4 = 0, -18 = 4*j + 4*y - 6. Let u be j + (2/2 - 1). Calculate r(u).
11
Suppose -8*n + 3*n - s = -36, -3*n - 4*s = -25. Suppose -7*h + 17 = 3. Let d(f) = h*f**2 - 6*f - 6 - f**2 + 6 + 3. Calculate d(n).
10
Let x(z) be the first derivative of z**2 + 25*z - 315. Give x(-8).
9
Let o(i) = -i**2 + 5*i + 2. Suppose p - 1 - 3 = 0. Suppose -52 = -p*s + 64. Suppose 0 = -5*b - 4*t - 5 + s, 0 = 5*b - 4*t - 16. Give o(b).
6
Let k(t) = -2*t**2 - 7*t + 8. Let g be 3/15 + -5 + 6/(-5). Calculate k(g).
-22
Let t(o) = -15*o - 305. Let i be t(-20). Let n(a) = 0*a - 5*a**2 - 1 - 3*a - a**3 + 2*a. What is n(i)?
4
Let q(k) = -4*k - 8. Suppose 4*u = -4*l + l - 38, -14 = -l + 4*u. Calculate q(l).
16
Let z(d) be the first derivative of d**4/4 + d**3/3 + 3*d**2/2 + 3*d - 3. Let w(p) = p**3 - 8*p**2 - 2*p + 61. Let f be w(7). Give z(f).
-7
Let l(k) = k + 7. Suppose 3*n = 3*v - 3, -2*v = -3*n - 0 - 3. Suppose -2*a + 12*a = v. Give l(a).
7
Let g(v) be the third derivative of -v**7/840 - v**6/90 - v**5/60 + v**4/12 + v**3/3 - 3*v**2. Let r(p) be the first derivative of g(p). Calculate r(-3).
-1
Let v(o) = o + 1. Let h = 20 + -16. Suppose -10 = -5*p, -h*j + 4*p - 9 - 3 = 0. What is v(j)?
0
Suppose -p - 24 = -4*n, -6*p + 2*p + 3*n - 70 = 0. Let h = 22 + p. Let y(c) = -c + 1. What is y(h)?
-5
Let n(q) = -q - 4. Let l(g) be the third derivative of g**4/24 + 6*g**2. Let k(p) = 6*p - 3. Let z(m) = k(m) - 5*l(m). Let v be z(3). What is n(v)?
-4
Let c = 6 + -1. Let d = c - 2. Let s(x) = 0 + 4*x - d + x**2 + 0*x - 1. Give s(-4).
-4
Let c(x) = -5*x - 1. Let w = 274 - 271. Give c(w).
-16
Let k(j) = -37*j + 7. Let y(h) = -21*h + 2. Let d(w) = 4*k(w) - 7*y(w). Suppose -5*o = -24 - 6. Calculate d(o).
8
Suppose -4*t + 12 = -8. Let n(v) = -v**2 + 4*v + 3. Let h be n(t). Let f(y) = -4*y - 13. Let o(l) = -2*l - 7. Let x(p) = -4*f(p) + 7*o(p). Give x(h).
-1
Let w(k) = -2*k - 1. Let p be ((-6)/(-4))/((-1)/(-4)). Let o(x) = x**2 - 5*x - 4. Let t be o(p). Let b = 2 + t. Give w(b).
-9
Let h(x) = x**3 - 4*x**2 - x + 6. Let u = -508 - -512. What is h(u)?
2
Let q(s) = 5*s + 33 - 18 - 12 + 5*s. What is q(-1)?
-7
Suppose 7*v + 65 = 2. Let d(w) = w - 3. What is d(v)?
-12
Let r be 76/266*21/(-3). Let g(k) = 3*k**2 + k - 1. What is g(r)?
9
Let a = 4/15 + -7/30. Let k(h) be the third derivative of a*h**5 - 1/8*h**4 + 0 - 2*h**2 + 0*h + 1/6*h**3. Calculate k(2).
3
Let c(x) = -x + 1. Let v be ((-16)/(-6))/1*72/48. Suppose -4*l = -v*l - 2*l. Give c(l).
1
Let m be (((-91)/28)/(-13))/((-2)/(-8)). Let v be 2/7 - (-36)/21. Let l(y) = -y + 0*y**2 + y**2 - y**v - y**2 - m. Give l(-1).
-1
Suppose -3*q - 3*a = 6 + 6, 0 = -q + 2*a - 16. Let j(p) = -6 + 2*p**2 - 2*p**2 + 6*p + p**2. Give j(q).
10
Suppose 0 = 16*k - 144 + 224. Let x(v) = -v**2 - 3*v + 17. What is x(k)?
7
Let m(t) be the second derivative of 1/2*t**4 - 1/3*t**3 + t**2 + 23*t + 0. Calculate m(2).
22
Let l(h) = -5*h**3 - 11*h**2 - 10*h. Let u(s) = 4*s**3 + 10*s**2 + 8*s. Let g(o) = 3*l(o) + 4*u(o). Calculate g(-7).
-14
Suppose -18*r + 22*r + 12 = s, -3*s + 3*r = -27. Let i(l) be the first derivative of -1/2*l**2 - 6 - s*l. Calculate i(0).
-8
Let m be 6/(-12)*(-10)/1. Suppose 0 = m*z + 24 - 4. Let n(s) = -3*s + 3. Calculate n(z).
15
Let d be 4/((-120)/27)*-5. Let s(l) be the second derivative of -1/20*l**5 - 1/3*l**3 - d*l**2 - 1/2*l**4 - 2*l + 0. What is s(-6)?
3
Let o(s) = s**3 - 3*s + 7*s + 28*s**2 - 25*s**2. Determine o(-3).
-12
Let h(w) be the first derivative of w**6/360 - 7*w**5/120 + w**4/8 - 10*w**3/3 + 11. Let t(s) be the third derivative of h(s). Calculate t(6).
-3
Let k(p) be the second derivative of -p**3/6 + 7*p**2/2 - 64*p. Calculate k(3).
4
Suppose y + b - 251 = -2*y, 5*y + 4*b = 423. Let q = y + -92. Let r(m) = m**3 + 9*m**2 + m + 8. Calculate r(q).
-1
Let b(i) = -i**2 - 4*i + 1. Let v be (1*-1)/((-13)/39). Suppose -v*n - 6 = -0*n. Let z(q) = 2*q - 2. Let m be z(n). Calculate b(m).
-11
Let o(r) = r - 2*r + 2 + 2*r. Let j(m) = m**3 - 8*m**2 + 14*m - 9. Suppose 3*u + 2*s - 12 = 2*u, 2*u - 3*s - 3 = 0. Let h be j(u). Give o(h).
5
Let w(i) = -4*i + 3*i**2 + 102*i**3 + 4*i - 99*i**3 - 1. Let q be 1/2 - (-18)/36. Suppose -2*g - 4 = j, 5*j + 12 = -g + q. Calculate w(j).
-13
Suppose 5 + 8 = -2*n + l, -n = 2*l + 9. Let o(d) = -5*d**2 - 13*d - 9. Let g(h) = -4*h**2 - 4*h. Let a(r) = -g(r) + o(r). What is a(n)?
5
Let i(s) = s - 3. Suppose r = -3*w + 62, -4*w - w + 109 = -4*r. Let y = 24 - w. What is i(y)?
0
Let m(h) = -h**2 + 4*h + 5. Suppose 5*u = 6*u - p - 2, 0 = -5*u + 3*p + 14. Determine m(u).
5
Let t(s) = 3*s**3 - s**2 - s - 4. Let w(z) = -6*z**3 + 2*z**2 + z + 7. Let j = -16 - -19. Let r(u) = j*w(u) + 5*t(u). What is r(1)?
-3
Let r = 7 - 1. Let f = r - 2. Let i(g) be the third derivative of g**4/24 - 14*g**2. Determine i(f).
4
Let k(j) = -7 - 11*j**2 - 6 - 13*j**3 + 14*j**3 + j + 0*j**3. Determine k(11).
-2
Let x(a) be the first derivative of -a**4/12 - a**3/3 + a**2/2 + 10*a + 8. Let h(r) be the first derivative of x(r). Determine h(1).
-2
Let i(x) = x**3 + 6*x**2 - 6*x + 8. Let c be i(-7). Let r(z) = -39*z**3 + z - 1. What is r(c)?
-39
Suppose -4 = 18*c - 14*c. Let q be (-1)/1*18/6. Let p(u) = -5*u + 4. Let l(v) = -9*v + 9. Let t(j) = q*l(j) + 7*p(j). Give t(c).
9
Let i(w) = -5*w**2 + 3*w + 1. Let r(l) = -14*l**2 + 10*l + 3. Let p(o) = 11*i(o) - 4*r(o). What is p(6)?
-7
Let y = 60 + -60. Suppose 3*c + 17 + 4 = -3*i, y = 2*c - 2*i - 6. Let s(h) = -h**3 - h**2 - 2*h + 1. Give s(c).
9
Let m(a) be the second derivative of -a**3/6 + a**2 - 6*a. Let d be m(1). Let c(u) = 4*u + 1. Give c(d).
5
Let x(p) = p**2 + p - 38. Let q be x(-7). Let h(d) = d**2 - 4. What is h(q)?
12
Suppose -2*u = 2*u - 32. Let t(o) = 13. Let j(q) = q**2 - 8*q + 25. Let m(c) = j(c) - 2*t(c). Determine m(u).
-1
Let b be (-113729)/(-28) + 9/(-12). Let f(x) = -b*x + 4061*x - 1 - x**2. Give f(-2).
-5
Let g(d) = -25*d + 123. Let i be g(5). Let f be (-46)/(-10) - 4/(-10). Let a(n) = 2*n**3 + n**2 - f + 0*n**3 + 2 - 3*n - n. What is a(i)?
-7
Let r(x) = -22*x**2 + 44*x - 30. Let s(y) = 10*y**2 - 19*y + 14. Let c(j) = -4*r(j) - 9*s(j). Calculate c(-1).
-3
Let q(u) be the first derivative of u**4/2 + 2*u**3/3 - u**2 + u + 44. Determine q(1).
3
Let o(i) = -5*i**2 + 14*i - 11. Let f(q) = 22*q**2 - 57*q + 42. Let r(j) = -2*f(j) - 9*o(j). Give r(11).
4
Let c = -3 - -13. Let w = c - 7. Let q(v) = -2 - 4*v + v**w + v + v + 0*v + 3*v**2. Give q(-2).
6
Let v = 1215 - 1225. Let k(s) = s**2 + 10*s + 6. Calculate k(v).
6
Let j(y) = -y**3 + 4*y**2 + 3*y. Let w(p) = p**3 - 7*p**2 + 9*p - 2. Let t be w(6). Suppose 0 = -13*l + 17*l - t. What is j(l)?
12
Let l(z) = -z + 3*z - 121 - 3*z + 106. Give l(0).
-15
Suppose 3*f - 2*w = 34, -f - 2 = -0*f + 2*w. Let z(b) = -f*b + 4*b - 4 + 3 + 2*b**2. Calculate z(3).
5
Let t(j) = j**2 - 2*j + 1. Let k = -136 + 141. Determine t(k).
16
Suppose 3*f - 5*m + 3 = 0, -3*m = 3*f - f - 17. Let t = -2 + 2. Let n(c) = 2 + 4*c**2 + c + t*c - 8*c**2 + c**3. What is n(f)?
6
Suppose 3*m + 13 = 4*l, -3*l - 4*m = -26 + 10. Let g(q) = -5 + 3 + l + q + q**2 + 3. Give g(-5).
25
Let l(h) = -h**2 - h + 8. Suppose 57 = 3*r - 6*r. Let s = r + 14. Let z(y) = y - 1. Let p(i) = s*z(i) - l(i). Give p(-3).
18
Let c(m) = -m**2 + 9*m + 15. Let a(y) = y**2 - 4*y - 8. Let r = 3 - 6. Let o(g) 